{"id":158,"date":"2022-10-23T17:08:58","date_gmt":"2022-10-23T17:08:58","guid":{"rendered":"https:\/\/cco-occ.utschools.ca\/?page_id=158"},"modified":"2026-03-01T21:26:42","modified_gmt":"2026-03-01T21:26:42","slug":"registration","status":"publish","type":"page","link":"https:\/\/cco-occ.utschools.ca\/?page_id=158","title":{"rendered":"Registration"},"content":{"rendered":"<section id=\"sp-et69bb\" data-mobile-visibility=\"#sp-et69bb|false\" data-tablet-visibility=\"#sp-et69bb|false\" data-desktop-visibility=\"#sp-et69bb|false\" data-mobile-css=\"\" data-tablet-css=\"\" class=\"sp-el-section\" style=\"width: 100%; max-width: 100%;\">\n<div><\/div>\n<div id=\"sp-w98ml0\" data-mobile-visibility=\"#sp-w98ml0|false\" data-tablet-visibility=\"#sp-w98ml0|false\" data-desktop-visibility=\"#sp-w98ml0|false\" data-mobile-css=\"\" data-tablet-css=\"\" class=\"sp-el-row sp-w-full  sp-m-auto sm:sp-flex sp-justify-between\">\n<div id=\"sp-x1gb7e\" data-mobile-visibility=\"#sp-x1gb7e|false\" data-tablet-visibility=\"#sp-x1gb7e|false\" data-desktop-visibility=\"#sp-x1gb7e|false\" data-mobile-css=\"\" data-tablet-css=\"\" class=\"sp-el-col  sp-w-full\" style=\"width: calc(100% + 0px);\">\n<div id=\"sp-button-parent-xw0aop\" data-mobile-css=\"#sp-button-parent-xw0aop|text-align:center;\" data-tablet-css=\"#sp-button-parent-xw0aop|text-align:center;\" class=\"sp-button-wrapper sp-el-block\" style=\"margin: 0px; text-align: center;\"><a href=\"https:\/\/forms.gle\/te1MPEySfEX24V7v8\" id=\"sp-xw0aop\" data-mobile-css=\"\" data-tablet-css=\"\" data-mobile-visibility=\".sp-button-xw0aop|false\" data-tablet-visibility=\".sp-button-xw0aop|false\" data-desktop-visibility=\".sp-button-xw0aop|false\" target=\"_blank\" rel=\"\" class=\"sp-button sp-css-target sp-text-center sp-inline-block sp-leading-none sp-button-xw0aop\" style=\"font-size: 22px; background: linear-gradient(-180deg, rgb(229, 57, 53), rgb(218, 32, 28) 90%); color: rgb(255, 255, 255); width: auto; padding: 16px 20px; border-radius: 4px; box-shadow: rgba(255, 255, 255, 0.2) 0px 1px 0px inset;\"><span>Register<br \/>Inscription<\/span><\/a><\/div>\n<\/div>\n<\/div>\n<\/section>\n<section id=\"sp-avzp5p\" data-mobile-visibility=\"#sp-avzp5p|false\" data-tablet-visibility=\"#sp-avzp5p|false\" data-desktop-visibility=\"#sp-avzp5p|false\" data-mobile-css=\"\" data-tablet-css=\"\" class=\"sp-el-section\" style=\"width: 100%; max-width: 100%;\">\n<div><\/div>\n<div id=\"sp-dt1bo3\" data-mobile-visibility=\"#sp-dt1bo3|false\" data-tablet-visibility=\"#sp-dt1bo3|false\" data-desktop-visibility=\"#sp-dt1bo3|false\" data-mobile-css=\"\" data-tablet-css=\"\" class=\"sp-el-row sp-w-full  sp-m-auto sm:sp-flex sp-justify-between\">\n<div id=\"sp-cazi9a\" data-mobile-visibility=\"#sp-cazi9a|false\" data-tablet-visibility=\"#sp-cazi9a|false\" data-desktop-visibility=\"#sp-cazi9a|false\" data-mobile-css=\"\" data-tablet-css=\"\" class=\"sp-el-col  sp-w-full\" style=\"width: calc(100% + 0px);\">\n<div id=\"sp-pvkpsd\" data-mobile-css=\".sp-bulletlist-block-pvkpsd, #sp-pvkpsd|justify-content:flex-start;\" data-tablet-css=\".sp-bulletlist-block-pvkpsd, #sp-pvkpsd|justify-content:flex-start;\" data-mobile-visibility=\".sp-bulletlist-block-pvkpsd|false\" data-tablet-visibility=\".sp-bulletlist-block-pvkpsd|false\" data-desktop-visibility=\".sp-bulletlist-block-pvkpsd|false\" class=\"sp-flex sp-css-target sp-el-block sp-bulletlist-block-template-0 sp-justify-start sp-bulletlist-block-pvkpsd animated pulse ani_pulse\" style=\"margin: 0px; font-size: 17px;\">\n<ul class=\"sp-bulletlist-wrapper\">\n<li data-mobile-css=\"#sp-pvkpsd .sp-bullet-list-item-pvkpsd-0|padding:0px 0px 10px 0px ;\" data-tablet-css=\"#sp-pvkpsd .sp-bullet-list-item-pvkpsd-0|padding:0px 0px 10px 0px ;\" class=\"sp-flex sp-items-center sp-bullet-list-item-pvkpsd-0 sp-justify-start\" style=\"padding: 0px 0px 1px;\"><span class=\"sp-icon-wrapper sp-mr-4\"><i class=\"fa-fw fa-lg fab fa-leanpub\" style=\"width: 34px; line-height: 34px; font-size: 17px;\"><\/i><\/span><span><a href=\"https:\/\/drive.google.com\/file\/d\/1BHf-X7DrlmCH8aPmm5RJTlnfT1_GsVMG\/view?usp=share_link\">CCC\/CCO Periodic Table | CCC\/OCC Tableau P\u00e9riodique<\/a><\/span><\/li>\n<li data-mobile-css=\"#sp-pvkpsd .sp-bullet-list-item-pvkpsd-1|padding:0px 0px 10px 0px ;\" data-tablet-css=\"#sp-pvkpsd .sp-bullet-list-item-pvkpsd-1|padding:0px 0px 10px 0px ;\" class=\"sp-flex sp-items-center sp-bullet-list-item-pvkpsd-1 sp-justify-start\" style=\"padding: 0px 0px 1px;\"><span class=\"sp-icon-wrapper sp-mr-4\"><i class=\"fa-fw fa-lg fas fa-flask-vial\" style=\"width: 34px; line-height: 34px; font-size: 17px;\"><\/i><\/span><span><a href=\"https:\/\/drive.google.com\/file\/d\/1eRuVmPr00GfV_z3plS_krNTacSAdhW1_\/view?usp=drive_link\">February 2026 Problem Set #5 | fevrier&nbsp;&nbsp;2026 S\u00e9rie de probl\u00e8mes n\u00b0 5<\/a><\/span><\/li>\n<li data-mobile-css=\"#sp-pvkpsd .sp-bullet-list-item-pvkpsd-2|padding:0px 0px 10px 0px ;\" data-tablet-css=\"#sp-pvkpsd .sp-bullet-list-item-pvkpsd-2|padding:0px 0px 10px 0px ;\" class=\"sp-flex sp-items-center sp-bullet-list-item-pvkpsd-2 sp-justify-start\" style=\"padding: 0px 0px 1px;\"><span class=\"sp-icon-wrapper sp-mr-4\"><i class=\"fa-fw fa-lg fas fa-flask-vial\" style=\"width: 34px; line-height: 34px; font-size: 17px;\"><\/i><\/span><span><a href=\"https:\/\/drive.google.com\/file\/d\/1M_uxilDd3RNcIJlCqOm-eKTxaXnMyEt2\/view?usp=sharing\">January 2026 Problem Set #4 | janvier 2026 S\u00e9rie de probl\u00e8mes n\u00b0 4<\/a><\/span><\/li>\n<li data-mobile-css=\"#sp-pvkpsd .sp-bullet-list-item-pvkpsd-3|padding:0px 0px 10px 0px ;\" data-tablet-css=\"#sp-pvkpsd .sp-bullet-list-item-pvkpsd-3|padding:0px 0px 10px 0px ;\" class=\"sp-flex sp-items-center sp-bullet-list-item-pvkpsd-3 sp-justify-start\" style=\"padding: 0px 0px 1px;\"><span class=\"sp-icon-wrapper sp-mr-4\"><i class=\"fa-fw fa-lg fas fa-flask-vial\" style=\"width: 34px; line-height: 34px; font-size: 17px;\"><\/i><\/span><span><a href=\"https:\/\/drive.google.com\/file\/d\/1E2KnHHzy5aw8YUpXj9zzZByhP0RL4CBh\/view?usp=sharing\">December 2025 Problem Set #3 | decembre 2025 S\u00e9rie de probl\u00e8mes n\u00b0 3<\/a><\/span><\/li>\n<li data-mobile-css=\"#sp-pvkpsd .sp-bullet-list-item-pvkpsd-4|padding:0px 0px 10px 0px ;\" data-tablet-css=\"#sp-pvkpsd .sp-bullet-list-item-pvkpsd-4|padding:0px 0px 10px 0px ;\" class=\"sp-flex sp-items-center sp-bullet-list-item-pvkpsd-4 sp-justify-start\" style=\"padding: 0px 0px 1px;\"><span class=\"sp-icon-wrapper sp-mr-4\"><i class=\"fa-fw fa-lg fas fa-flask-vial\" style=\"width: 34px; line-height: 34px; font-size: 17px;\"><\/i><\/span><span><a href=\"https:\/\/drive.google.com\/file\/d\/1FnqC_FBhgkGzZb47bUoZxFnIiXSo5lch\/view?usp=drive_link\">November 2025 Problem Set #2 | novembre 2025 S\u00e9rie de probl\u00e8mes n\u00b0 2<\/a><\/span><\/li>\n<li data-mobile-css=\"#sp-pvkpsd .sp-bullet-list-item-pvkpsd-5|padding:0px 0px 10px 0px ;\" data-tablet-css=\"#sp-pvkpsd .sp-bullet-list-item-pvkpsd-5|padding:0px 0px 10px 0px ;\" class=\"sp-flex sp-items-center sp-bullet-list-item-pvkpsd-5 sp-justify-start\" style=\"padding: 0px 0px 1px;\"><span class=\"sp-icon-wrapper sp-mr-4\"><i class=\"fa-fw fa-lg fas fa-flask-vial\" style=\"width: 34px; line-height: 34px; font-size: 17px;\"><\/i><\/span><span><a href=\"https:\/\/drive.google.com\/file\/d\/1V5qhuSAdAH9OPxMy2OID6VQIA2zY_1JR\/view?usp=sharing\">October 2025 Problem Set #1 | Octobre 2025 S\u00e9rie de probl\u00e8mes n\u00b0 1<\/a><\/span><\/li>\n<li data-mobile-css=\"\" data-tablet-css=\"\" class=\"sp-flex sp-items-center sp-bullet-list-item-pvkpsd-6 sp-justify-start\"><span class=\"sp-icon-wrapper sp-mr-4\"><i class=\"fa-fw fa-lg fas fa-flask-vial\" style=\"width: 34px; line-height: 34px; font-size: 17px;\"><\/i><\/span><span><a href=\"https:\/\/drive.google.com\/file\/d\/16cxVZ1tjZY72L-IEdD23-lgAF0lVQQy6\/view?usp=sharing\">March 2026 Take Home Exam\/ Mars 2026 Examen \u00e0 domicile OCC <\/a>due on moodle April 4th\/\u00e0 rendre le 4 avril<\/span><\/li>\n<\/ul>\n<\/div>\n<\/div>\n<\/div>\n<\/section>\n<section id=\"sp-ks8a8s\" data-mobile-visibility=\"#sp-ks8a8s|false\" data-tablet-visibility=\"#sp-ks8a8s|false\" data-desktop-visibility=\"#sp-ks8a8s|false\" data-mobile-css=\"\" data-tablet-css=\"\" class=\"sp-el-section\" style=\"width: 100%; max-width: 100%; padding: 10px;\">\n<div><\/div>\n<div id=\"sp-vw3kvy\" data-mobile-visibility=\"#sp-vw3kvy|false\" data-tablet-visibility=\"#sp-vw3kvy|false\" data-desktop-visibility=\"#sp-vw3kvy|false\" data-mobile-css=\"\" data-tablet-css=\"\" class=\"sp-el-row sp-w-full  sp-m-auto sm:sp-flex sp-justify-between\" style=\"padding: 0px;\">\n<div id=\"sp-zxw9uk\" data-mobile-visibility=\"#sp-zxw9uk|false\" data-tablet-visibility=\"#sp-zxw9uk|false\" data-desktop-visibility=\"#sp-zxw9uk|false\" data-mobile-css=\"#sp-zxw9uk|margin-bottom:8px;\" data-tablet-css=\"\" class=\"sp-el-col  sp-w-full\" style=\"width: calc(50% - 8px);\">\n<div id=\"sp-n5inh4\" data-mobile-css=\".sp-text-wrapper-n5inh4, #sp-n5inh4, #n5inh4|text-align:left;\" data-tablet-css=\".sp-text-wrapper-n5inh4, #sp-n5inh4, #n5inh4|text-align:left;\" data-mobile-visibility=\".sp-text-wrapper-n5inh4|false\" data-tablet-visibility=\".sp-text-wrapper-n5inh4|false\" data-desktop-visibility=\".sp-text-wrapper-n5inh4|false\" class=\"sp-css-target sp-text-wrapper sp-el-block sp-text-block-style sp-text-wrapper-n5inh4\" style=\"margin: 0px; text-align: left;\">\n<p>Problem sets will be posted on the 1st of each month for the remainder of the season&nbsp;<\/p>\n<p>Students must register with the name they would like on all official documentation (see form above).<\/p>\n<p>Students who submit the registration form, will receive an email with instructions on how to register on Moodle.<\/p>\n<p>Unless otherwise stated in the monthly problem set instructions, full solutions for student answers must be submitted on Moodle by the last day of each month. To receive credit for their answer submissions, students must use the same name on Moodle as they did on the registration form. Students who submit answers will receive a copy of the correct full solutions.<\/p>\n<p>Problems sets will be posted on this site on the 1st of each month. The answers for most sets will be due on Moodle.&nbsp; The problem set answer submission quiz will be availabl&nbsp; on Moodle by the 15th of each month. All students must use Moodle to submit answers to the problem sets. The problem set results of registered students will be recorded and student will receive feedback on which questions have been answered correctly. Problem sets can be attempted many times, there is value in reviewing your answers and understanding and correcting your mistakes.<\/p>\n<p>Students can submit their answers at any time once the submission quiz has been made available on Moodle (on the 15th of each month). Only students who register on this site and then set up their Moodle account, will have access to the submission quiz.<\/p>\n<p>Students who are registered in the programs will be invited to online tutorials, which will generally occur on Sunday evenings at 6pm.<\/p>\n<p>To do well in this program, focus and stay on track with problem set submission. Attend tutorials and participate, you will get far more out of the tutorials live than trying to watch them all afterwards. The tutorials will be posted on Moodle after each session.<\/p>\n<p>Work hard, be kind to yourself and others and be curious! Good luck and we are glad you decided to take on this challenge!&nbsp;&nbsp;<\/p>\n<\/div>\n<\/div>\n<div id=\"sp-ce7kxo\" data-mobile-visibility=\"#sp-ce7kxo|false\" data-tablet-visibility=\"#sp-ce7kxo|false\" data-desktop-visibility=\"#sp-ce7kxo|false\" data-mobile-css=\"#sp-ce7kxo|margin-bottom:8px;\" data-tablet-css=\"\" class=\"sp-el-col  sp-w-full\" style=\"width: calc(50% - 8px);\">\n<div id=\"sp-z9p2l6\" data-mobile-css=\".sp-text-wrapper-z9p2l6, #sp-z9p2l6, #z9p2l6|text-align:left;\" data-tablet-css=\".sp-text-wrapper-z9p2l6, #sp-z9p2l6, #z9p2l6|text-align:left;\" data-mobile-visibility=\".sp-text-wrapper-z9p2l6|false\" data-tablet-visibility=\".sp-text-wrapper-z9p2l6|false\" data-desktop-visibility=\".sp-text-wrapper-z9p2l6|false\" class=\"sp-css-target sp-text-wrapper sp-el-block sp-text-block-style sp-text-wrapper-z9p2l6\" style=\"margin: 0px; text-align: left;\">\n<p>Les s\u00e9ries de probl\u00e8mes sont publi\u00e9es le 1er de chaque mois.<\/p>\n<p>Les \u00e9tudiants doivent s&#8217;inscrire avec le nom qu&#8217;ils souhaitent voir figurer sur tous les documents officiels (voir le formulaire ci-dessus).<\/p>\n<p>Les \u00e9tudiants qui soumettent le formulaire d&#8217;inscription recevront un courriel contenant les instructions pour s&#8217;inscrire sur Moodle.<\/p>\n<p>Sauf indication contraire dans les instructions mensuelles relatives aux exercices, les solutions compl\u00e8tes des r\u00e9ponses des \u00e9tudiants doivent \u00eatre soumises sur Moodle avant le dernier jour de chaque mois. Pour obtenir des cr\u00e9dits pour leurs r\u00e9ponses, les \u00e9tudiants doivent utiliser sur Moodle le m\u00eame nom que celui indiqu\u00e9 sur le formulaire d&#8217;inscription. Les \u00e9tudiants qui soumettent leurs r\u00e9ponses recevront une copie des solutions compl\u00e8tes correctes.<\/p>\n<p>Les s\u00e9ries de probl\u00e8mes seront publi\u00e9es sur ce site le 1er de chaque mois. Les r\u00e9ponses \u00e0 la plupart des probl\u00e8mes seront \u00e0 rendre sur Moodle. Le quiz de soumission des r\u00e9ponses aux probl\u00e8mes sera disponible sur Moodle au plus tard le 15 de chaque mois. Tous les \u00e9tudiants doivent utiliser Moodle pour soumettre les r\u00e9ponses aux probl\u00e8mes. Les r\u00e9sultats des \u00e9tudiants inscrits seront enregistr\u00e9s et les \u00e9tudiants recevront un feedback sur les questions auxquelles ils ont r\u00e9pondu correctement. Les \u00e9tudiants peuvent tenter plusieurs fois de r\u00e9pondre aux probl\u00e8mes. Il est utile de revoir ses r\u00e9ponses, de comprendre et de corriger ses erreurs.<\/p>\n<p>Les \u00e9tudiants peuvent soumettre leurs r\u00e9ponses \u00e0 tout moment une fois que le quiz de soumission a \u00e9t\u00e9 mis \u00e0 disposition sur Moodle (le 15 de chaque mois). Seuls les \u00e9tudiants qui s&#8217;inscrivent sur ce site et qui cr\u00e9ent leur compte Moodle auront acc\u00e8s au quiz de soumission.<\/p>\n<p>Les \u00e9tudiants inscrits aux programmes seront invit\u00e9s \u00e0 des tutoriels en ligne dispens\u00e9s g\u00e9n\u00e9ralement le dimanche soir \u00e0 18 heures.<\/p>\n<p>Pour r\u00e9ussir dans ce programme, concentrez-vous et restez sur la voie de la soumission des probl\u00e8mes. Assistez aux s\u00e9ances de travaux dirig\u00e9s et participez, vous tirerez bien plus de profit des s\u00e9ances de travaux dirig\u00e9s en direct qu&#8217;en essayant de les regarder toutes apr\u00e8s coup. Les tutoriels seront affich\u00e9s sur Moodle apr\u00e8s chaque session.<\/p>\n<p>Travaillez dur, soyez gentil avec vous-m\u00eame et avec les autres et soyez curieux ! Bonne chance et nous sommes heureux que vous ayez d\u00e9cid\u00e9 de relever ce d\u00e9fi !<\/p>\n<\/div>\n<\/div>\n<\/div>\n<\/section>\n","protected":false},"excerpt":{"rendered":"<p>RegisterInscription CCC\/CCO Periodic Table | CCC\/OCC Tableau P\u00e9riodique February 2026 Problem Set #5 | fevrier&nbsp;&nbsp;2026 S\u00e9rie de probl\u00e8mes n\u00b0 5 January 2026 Problem Set #4 | janvier 2026 S\u00e9rie de probl\u00e8mes n\u00b0 4 December 2025 Problem Set #3 | decembre 2025 S\u00e9rie de probl\u00e8mes n\u00b0 3 November 2025 Problem Set #2 | novembre 2025 S\u00e9rie [&hellip;]<\/p>\n","protected":false},"author":2,"featured_media":0,"parent":0,"menu_order":0,"comment_status":"closed","ping_status":"closed","template":"","meta":{"footnotes":""},"class_list":["post-158","page","type-page","status-publish","hentry"],"_links":{"self":[{"href":"https:\/\/cco-occ.utschools.ca\/index.php?rest_route=\/wp\/v2\/pages\/158","targetHints":{"allow":["GET"]}}],"collection":[{"href":"https:\/\/cco-occ.utschools.ca\/index.php?rest_route=\/wp\/v2\/pages"}],"about":[{"href":"https:\/\/cco-occ.utschools.ca\/index.php?rest_route=\/wp\/v2\/types\/page"}],"author":[{"embeddable":true,"href":"https:\/\/cco-occ.utschools.ca\/index.php?rest_route=\/wp\/v2\/users\/2"}],"replies":[{"embeddable":true,"href":"https:\/\/cco-occ.utschools.ca\/index.php?rest_route=%2Fwp%2Fv2%2Fcomments&post=158"}],"version-history":[{"count":92,"href":"https:\/\/cco-occ.utschools.ca\/index.php?rest_route=\/wp\/v2\/pages\/158\/revisions"}],"predecessor-version":[{"id":622,"href":"https:\/\/cco-occ.utschools.ca\/index.php?rest_route=\/wp\/v2\/pages\/158\/revisions\/622"}],"wp:attachment":[{"href":"https:\/\/cco-occ.utschools.ca\/index.php?rest_route=%2Fwp%2Fv2%2Fmedia&parent=158"}],"curies":[{"name":"wp","href":"https:\/\/api.w.org\/{rel}","templated":true}]}}